133 - -2875420?
2875553
In base 11, what is 6 - -3903066?
3903071
In base 8, what is 2546367 - -65?
2546454
In base 7, what is 604 + 132440?
133344
In base 12, what is 1646b453 + -3?
1646b450
In base 12, what is 32386 + 380?
32746
In base 11, what is -5635 - -2427?
-3209
In base 15, what is 1dbd0 - 1c5?
1da0a
In base 4, what is 12 + 131300113?
131300131
In base 11, what is 215 + -1848aa0?
-1848886
In base 3, what is -1120022 + 121121202?
120001110
In base 3, what is 112121 - -102111011?
110000202
In base 12, what is 0 - -22bb48?
22bb48
In base 9, what is -2305556 - 30?
-2305586
In base 4, what is 211 - -120100021?
120100232
In base 3, what is -102220011 + 1002020?
-101210221
In base 9, what is 0 + -4376040?
-4376040
In base 15, what is -cc4099 - 4?
-cc409d
In base 16, what is 6 - -12d93e9?
12d93ef
In base 9, what is 4300276 - 181?
4300085
In base 7, what is -5 + 5334306?
5334301
In base 5, what is -4340 - 123142332?
-123202222
In base 12, what is -b3334b7 - -b?
-b3334a8
In base 11, what is 29 + -9414052?
-9414024
In base 8, what is 1670436 + 13?
1670451
In base 14, what is 8 + 8cad4?
8cadc
In base 6, what is -2224220 + 54002?
-2130214
In base 14, what is -317 - -1dc2d5?
1dbdbc
In base 16, what is 2 + -145b664?
-145b662
In base 16, what is -5 - 4dedd9?
-4dedde
In base 10, what is 432215 + 6?
432221
In base 9, what is 10 - -31317871?
31317881
In base 9, what is 655660 + -21?
655638
In base 13, what is -2 - -14b2aab?
14b2aa9
In base 15, what is 79b857 - -5?
79b85c
In base 6, what is 33334030 + -5?
33334021
In base 13, what is -cc + -36690?
-3678c
In base 5, what is 32404 + 343440?
431344
In base 6, what is -1223014 - 305?
-1223323
In base 3, what is -2011112112212 - -101?
-2011112112111
In base 9, what is 1321 + 13432?
14753
In base 14, what is -470d - c89?
-5598
In base 9, what is -625 - -33076?
32351
In base 8, what is 5 - 240415303?
-240415276
In base 8, what is 3 - 53345756?
-53345753
In base 12, what is -a9 + -550427?
-550514
In base 9, what is 65 - 14070807?
-14070732
In base 4, what is 231 + -2320300033?
-2320233202
In base 9, what is 1717 - -21751?
23568
In base 6, what is -3115440 + 41?
-3115355
In base 14, what is 34557 - -78?
345d1
In base 15, what is 2 + -3b466?
-3b464
In base 12, what is 19377 + -4b4?
18a83
In base 14, what is 28d04b - 0?
28d04b
In base 13, what is -c2384 - -56?
-c232b
In base 15, what is -294c + 2dd2?
485
In base 13, what is -1c565ca61 - -3?
-1c565ca5b
In base 5, what is -4001 - -11104030?
11100024
In base 13, what is -15 + -128347?
-12835c
In base 2, what is 111111111001111001000 - -10011?
111111111001111011011
In base 2, what is -11101101000110 - 1000001001001?
-100101110001111
In base 9, what is -101 + -13325310?
-13325411
In base 7, what is -6 + 40130305?
40130266
In base 4, what is 132 - 31313133?
-31313001
In base 9, what is 15630223 + 7?
15630231
In base 12, what is -2b5236a + 3?
-2b52367
In base 10, what is -17490556 - -4?
-17490552
In base 10, what is 1 + -59566015?
-59566014
In base 15, what is 156e + 8abe?
a13d
In base 2, what is 111101011011101 - -1111000101?
111111010100010
In base 14, what is -16788d27 + 3?
-16788d24
In base 7, what is 21 - 13123213?
-13123162
In base 6, what is 3 - -2100421412?
2100421415
In base 4, what is 1310 - 3310321130?
-3310313220
In base 9, what is 41771 - -33548?
75430
In base 2, what is 10110011001001101100110 + 101011?
10110011001001110010001
In base 11, what is 2233348 + -16?
2233332
In base 11, what is -323a16 - 184?
-32409a
In base 6, what is -2 + -141532155?
-141532201
In base 16, what is -5 - -8d1585?
8d1580
In base 6, what is -321525 + 32305?
-245220
In base 8, what is 3 + -5642075?
-5642072
In base 2, what is -11101100101011 - -11?
-11101100101000
In base 9, what is 157 + 4574887?
4575155
In base 16, what is 1 + 74a63ec?
74a63ed
In base 9, what is 103 - 24410?
-24306
In base 6, what is 345051 - 2332?
342315
In base 2, what is 10 - -1101010011110000011011?
1101010011110000011101
In base 14, what is 6 - -6a514d?
6a5155
In base 14, what is 120d + ddb5d?
100d6c
In base 2, what is 1101000101010001100001011 - -10?
1101000101010001100001101
In base 15, what is 1a1262 + 0?
1a1262
In base 3, what is 2202201202000 + 12?
2202201202012
In base 5, what is -4 - 234044013031?
-234044013040
In base 6, what is -335302001 + 415?
-335301142
In base 4, what is 100023331 + -311312?
33112013
In base 2, what is 1110001 + -11100001110111?
-11100000000110
In base 11, what is 46158458 + 3?
46158460
In base 7, what is -1601305 - -16?
-1601256
In base 3, what is -1001220010 + -2210?
-1001222220
In base 16, what is 5e13 - -1e5?
5ff8
In base 15, what is bb893d + 1?
bb893e
In base 7, what is 25520322511 + 5?
25520322516
In base 4, what is -20130302132 + -10?
-20130302202
In base 9, what is -108 + 481233?
481124
In base 3, what is -1022100020122000202 + 2?
-1022100020122000200
In base 5, what is -201221321 - 130?
-201222001
In base 6, what is -1201 - -13034021?
13032420
In base 3, what is 120221 - -101122012222?
101122210220
In base 15, what is c26b95b - 4?
c26b957
In base 4, what is 3211112 - -2001022?
11212200
In base 6, what is 344230152 - -533?
344231125
In base 9, what is 272022 + -4?
272017
In base 14, what is 41d94b - -c?
41d959
In base 2, what is -11011100100011 + -1001001100?
-11100101101111
In base 4, what is 232310131220132 - -11?
232310131220203
In base 6, what is 20 - 34140242?
-34140222
In base 12, what is -15 - 154366?
-15437b
In base 7, what is -2131 - 12033?
-14164
In base 9, what is 1381302 - 3?
1381288
In base 13, what is 1c0314a - 3?
1c03147
In base 5, what is -3310141431 + 22?
-3310141404
In base 13, what is -1998 + -48282?
-49c4a
In base 13, what is 2a + 63952?
6397c
In base 9, what is 8826636 - 3?
8826633
In base 14, what is ac + 24671?
2473d
In base 5, what is 124441 - -43111?
223102
In base 12, what is -111a672 - 1ba?
-111a870
In base 9, what is -228 + -102251?
-102480
In base 14, what is 196 - c5467?
-c52b1
In base 9, what is -314044 + 63?
-313871
In base 12, what is -11a6 + -99b98?
-9b182
In base 8, what is -7062 - -5420?
-1442
In base 6, what is -205203003 + -10?
-205203013
In base 3, what is -201201000 + 101000001?
-100200222
In base 15, what is -4ad - -4146?
3b88
In base 3, what is -220002002102100 + -2?
-220002002102102
In base 13, what is -10903 + 754?
-1017c
In base 6, what is -1 + 2000542345?
2000542344
In base 8, what is 2 + -6714135?
-6714133
In base 5, what is -3 + 241213012110?
241213012102
In base 14, what is -78b437 + -1?
-78b438
In base 10, what is -208 - -1901992?
1901784
In base 4, what is -1103330013000 + 23?
-1103330012311
In base 11, what is -7588516 + 5?
-7588511
In base 4, what is 11 + 20331301331?
20331302002
In base 7, what is 156116005 - 4?
156116001
In base 13, what is 1356 - 4146?
-2ac0
In base 2, what is -1000100011011100010111011 + -101?
-1000100011011100011000000
In base 4, what is -21300201 - -22331?
-21211210
In base 14, what is 4 + -516b26?
-516b22
In base 10, what is 13 + -4531966?
-4531953
In base 5, what is 1043432 - -31302?
1130234
In base 2, what is -11 + 11000111100100100111101110?
11000111100100100111101011
In base 3, what is 21122201110 - 212?
21122200121
In base 4, what is 1300010321 - -223?
1300011210
In base 3, what is 222000012211 + -11?
222000012200
In base 5, what is 1 + -12322004024?
-12322004023
In base 16, what is -5030 + -687?
-56b7
In base 8, what is 46141 + 163?
46324
In base 6, what is 20343 - -353101?
413444
In base 9, what is 651602 + 17?
651620
In base 13, what is -2cbc74ab - 2?
-2cbc74b0
In base 9, what is -5 + 1110610?
1110604
In base 11, what is 27042966 + -1?
27042965
In base 15, what is cb42e4 - -1a?
cb430e
In base 13, what is 112 - 2724a?
-27138
In base 3, what is 11010202202002222 + -2?
11010202202002220
In base 2, what is 10101 + 1001111011000010011001?
1001111011000010101110
In base 2, what is -1011101 + 101110110110111?
101110101011010
In base 3, what is 1210110010120 + -1201?
1210110001212
In base 5, what is 33444312212 - -32?
33444312244
In base 7, what is -3 - -61004316?
61004313
In base 6, what is -11 - 4324533130?
-4324533141
In base 14, what is 12c - 32283?
-32155
In base 15, what is 13c8 - 9d34?
-895b
In base 10, what is 3839120 - 0?
3839120
In base 10, what is -34 + -267362?
-267396
In base 9, 